s the tens digit of 6197?
9
What is the hundreds digit of 2595?
5
What is the tens digit of 1270?
7
What is the tens digit of 67374?
7
What is the thousands digit of 3015?
3
What is the ten thousands digit of 14585?
1
What is the hundreds digit of 713?
7
What is the tens digit of 19270?
7
What is the thousands digit of 3727?
3
What is the tens digit of 1783?
8
What is the units digit of 641?
1
What is the tens digit of 68576?
7
What is the hundreds digit of 387?
3
What is the tens digit of 5675?
7
What is the units digit of 621?
1
What is the units digit of 931?
1
What is the ten thousands digit of 32419?
3
What is the thousands digit of 14056?
4
What is the units digit of 1558?
8
What is the ten thousands digit of 92161?
9
What is the units digit of 67?
7
What is the units digit of 45438?
8
What is the ten thousands digit of 38861?
3
What is the tens digit of 44281?
8
What is the thousands digit of 19982?
9
What is the thousands digit of 2966?
2
What is the tens digit of 1617?
1
What is the units digit of 826?
6
What is the tens digit of 2107?
0
What is the tens digit of 1272?
7
What is the units digit of 96157?
7
What is the thousands digit of 4006?
4
What is the hundreds digit of 57965?
9
What is the tens digit of 200658?
5
What is the thousands digit of 1483?
1
What is the units digit of 1058?
8
What is the thousands digit of 1166?
1
What is the thousands digit of 12870?
2
What is the hundreds digit of 2473?
4
What is the tens digit of 2673?
7
What is the hundreds digit of 581?
5
What is the thousands digit of 26622?
6
What is the units digit of 38383?
3
What is the tens digit of 19683?
8
What is the units digit of 4124?
4
What is the ten thousands digit of 10872?
1
What is the units digit of 3879?
9
What is the ten thousands digit of 77379?
7
What is the tens digit of 548?
4
What is the units digit of 32910?
0
What is the thousands digit of 79358?
9
What is the ten thousands digit of 12968?
1
What is the ten thousands digit of 23251?
2
What is the tens digit of 13028?
2
What is the units digit of 40542?
2
What is the tens digit of 4073?
7
What is the hundreds digit of 43516?
5
What is the ten thousands digit of 28011?
2
What is the ten thousands digit of 93441?
9
What is the thousands digit of 2164?
2
What is the units digit of 602?
2
What is the tens digit of 756?
5
What is the hundreds digit of 2271?
2
What is the hundreds digit of 333?
3
What is the tens digit of 6734?
3
What is the units digit of 1171?
1
What is the thousands digit of 19926?
9
What is the hundreds digit of 1987?
9
What is the tens digit of 5119?
1
What is the units digit of 2147?
7
What is the thousands digit of 76082?
6
What is the ten thousands digit of 17138?
1
What is the units digit of 9813?
3
What is the units digit of 19708?
8
What is the tens digit of 60247?
4
What is the hundreds digit of 4285?
2
What is the units digit of 672?
2
What is the hundreds digit of 2700?
7
What is the tens digit of 68706?
0
What is the thousands digit of 1444?
1
What is the units digit of 11141?
1
What is the units digit of 3981?
1
What is the hundreds digit of 797?
7
What is the units digit of 3098?
8
What is the tens digit of 10887?
8
What is the thousands digit of 6362?
6
What is the hundreds digit of 358?
3
What is the units digit of 38922?
2
What is the ten thousands digit of 145496?
4
What is the hundreds digit of 36137?
1
What is the units digit of 29906?
6
What is the units digit of 284?
4
What is the ten thousands digit of 32991?
3
What is the hundreds digit of 459?
4
What is the units digit of 751?
1
What is the units digit of 2809?
9
What is the hundreds digit of 111935?
9
What is the thousands digit of 1419?
1
What is the hundreds digit of 161?
1
What is the thousands digit of 1470?
1
What is the tens digit of 31330?
3
What is the hundreds digit of 26938?
9
What is the hundreds digit of 287?
2
What is the hundreds digit of 1002?
0
What is the tens digit of 1147?
4
What is the units digit of 1126?
6
What is the tens digit of 31241?
4
What is the hundreds digit of 12129?
1
What is the thousands digit of 2064?
2
What is the hundreds digit of 2754?
7
What is the hundreds digit of 21325?
3
What is the hundreds digit of 341?
3
What is the units digit of 479?
9
What is the tens digit of 58679?
7
What is the tens digit of 21672?
7
What is the units digit of 1357?
7
What is the units digit of 29?
9
What is the tens digit of 1539?
3
What is the ten thousands digit of 15009?
1
What is the thousands digit of 1585?
1
What is the hundreds digit of 853?
8
What is the tens digit of 37447?
4
What is the thousands digit of 12493?
2
What is the tens digit of 57477?
7
What is the units digit of 7242?
2
What is the tens digit of 2356?
5
What is the tens digit of 596?
9
What is the thousands digit of 4087?
4
What is the units digit of 54557?
7
What is the tens digit of 8887?
8
What is the units digit of 133436?
6
What is the hundreds digit of 1850?
8
What is the hundreds digit of 5289?
2
What is the thousands digit of 13112?
3
What is the thousands digit of 44360?
4
What is the tens digit of 2371?
7
What is the hundreds digit of 23221?
2
What is the ten thousands digit of 15409?
1
What is the hundreds digit of 11090?
0
What is the units digit of 2539?
9
What is the ten thousands digit of 59839?
5
What is the thousands digit of 1417?
1
What is the thousands digit of 3125?
3
What is the thousands digit of 2634?
2
What is the units digit of 2842?
2
What is the tens digit of 124?
2
What is the hundreds digit of 20971?
9
What is the units digit of 82?
2
What is the hundreds digit of 3284?
2
What is the tens digit of 2112?
1
What is the units digit of 14572?
2
What is the tens digit of 23928?
2
What is the hundreds digit of 2804?
8
What is the tens digit of 63386?
8
What is the ten thousands digit of 15302?
1
What is the units digit of 12201?
1
What is the thousands digit of 3761?
3
What is the ten thousands digit of 30456?
3
What is the thousands digit of 3422?
3
What is the thousands digit of 86837?
6
What is the hundreds digit of 4671?
6
What is the units digit of 34233?
3
What is the tens digit of 926?
2
What is the units digit of 13873?
3
What is the units digit of 3722?
2
What is the hundreds digit of 33196?
1
What is the ten thousands digit of 25836?
2
What is the units digit of 67644?
4
What is the hundreds digit of 86643?
6
What is the tens digit of 418?
1
What is the ten thousands digit of 92394?
9
What is the thousands digit of 3311?
3
What is the hundreds digit of 556?
5
What is the units digit of 2390?
0
What is the hundreds digit of 17014?
0
What is the ten thousands digit of 114545?
1
What is the thousands digit of 51095?
1
What is the units digit of 3?
3
What is the tens digit of 6996?
9
What is the units digit of 15953?
3
What is the units digit of 18242?
2
What is the units digit of 1764?
4
What is the thousands digit of 4142?
4
What is the tens digit of 5816?
1
What is the units digit of 1867?
7
What is the hundreds digit of 2585?
5
What is the hundreds digit of 3802?
8
What is the units digit of 415?
5
What is the tens digit of 919?
1
What is the ten thousands digit of 45198?
4
What is the units digit of 902?
2
What is the ten thousands digit of 15483?
1
What is the ten thousands digit of 31537?
3
What is the hundreds digit of 52380?
3
What is the thousands digit of 8553?
8
What is the units digit of 369?
9
What is the hundreds digit of 50005?
0
What is the units digit of 487?
7
What is the tens digit of 1159?
5
What is the hundreds digit of 39704?
7
What is the hundreds digit of 3256?
2
What is the hundreds digit of 140?
1
What is the tens digit of 45658?
5
What is the tens digit of 2485?
8
What is the tens digit of 3025?
2
What is the ten thousands digit of 21512?
2
What is the hundreds digit of 1044?
0
What is the units digit of 9396?
6
What is the tens digit of 4242?
4
What is the units digit of 3179?
9
What is the hundreds digit of 4201?
2
What is the thousands digit of 2191?
2
What is the thousands digit of 65281?
5
What is the units digit of 19?
9
What is the units digit of 1586?
6
What is the hundred thousands digit of 123611?
1
What is the thousands digit of 11276?
1
What is the units digit of 318?
8
What is the tens digit of 1850?
5
What is the thousands digit of